f(m) = -m**3 + 5*m**2 + 8*m + 9. Let o be f(-4). Calculate the highest common factor of o and 11.
11
Suppose -3*v + 4*v = -3. Let j be 3/(-1 + 4)*-3. Let u be (j - -21)/v*-1. Calculate the highest common divisor of 9 and u.
3
Let f = 10 - 2. What is the highest common factor of f and 12?
4
Suppose 0 = -5*i + 4*i + 24. Let m be (-2)/(-12) - ((-354)/36 + 2). What is the greatest common factor of i and m?
8
Let l = 84 - 45. Let a = 32 + -19. What is the highest common factor of a and l?
13
Let q = 1 + 1. Let w = 24 - q. Calculate the greatest common factor of w and 198.
22
Let o be 7/1 - (0 + -1). Suppose 0 = 3*n + 15, 0 = r - 3*n - o - 27. Suppose -4*d - 9*d = -260. What is the highest common factor of d and r?
20
Suppose -88 = -m - 19. Let k be 2/(-5) - m/15. Let o = k - -17. What is the highest common factor of 30 and o?
6
Let x be 42/4*8/6. Suppose 5*n = 4*n + 21. Calculate the highest common factor of x and n.
7
Let s be 4/(-6)*18/(-4). Let w(r) = 4*r + 3 - 3*r + s. Let k be w(8). Calculate the greatest common factor of 14 and k.
14
Suppose -5*w = -19 - 46. Let h be 700/6 - (-11)/33. Calculate the highest common divisor of h and w.
13
Suppose 3*u + 8 = 5*i, 7*u + 2*i - 20 = 4*u. Let w = 2 + u. Let p = -13 - -55. Calculate the greatest common divisor of w and p.
6
Suppose 41 + 39 = 5*i. What is the greatest common divisor of i and 24?
8
Let p(h) = 6*h. Let b be p(2). Suppose a - b = 28. Calculate the highest common factor of a and 16.
8
Let t = -7 - -19. Suppose 5*g - 20 - 3 = k, -23 = -4*k - 3*g. Calculate the greatest common divisor of t and k.
2
Let m(k) = -k**3 - 3*k**2 + 2*k + 1. Let u be m(-4). Suppose -5*h = -u*h + 8. What is the highest common divisor of 1 and h?
1
Suppose 0 = -3*c - c + 92. Let b = -10 + c. Calculate the highest common divisor of b and 117.
13
Let a = 0 + -2. Let s(u) be the third derivative of u**5/60 - u**4/24 - 8*u**2. Let v be s(a). Calculate the greatest common divisor of v and 30.
6
Suppose 4*d = 9*d - 20. Suppose p - 4 = d. Let f be 1/2 - (-62)/4. Calculate the highest common divisor of p and f.
8
Let s be (-3)/(-15) + (-14)/(-5). Let l = s + 14. Let u be (3 + -37)/(2/(-2)). Calculate the greatest common divisor of u and l.
17
Suppose 6*t - t = 100. Let d(i) = -16*i + 10. Let l(w) = -31*w + 21. Let y(o) = -5*d(o) + 2*l(o). Let r be y(6). What is the highest common factor of r and t?
20
Let n = 86 - 30. What is the highest common divisor of 14 and n?
14
Suppose 236 = 3*p + 3*b - b, 5*p + 4*b = 392. What is the greatest common factor of 16 and p?
16
Suppose 11 = -4*k + 67. Calculate the greatest common factor of k and 224.
14
Let m = -2 - -16. Suppose -5*h = 3*y - 70, -5*h + 4*y = -57 - 13. What is the greatest common divisor of h and m?
14
Let g = 6 + -5. Suppose -s = g - 6. Suppose -s*o + 45 = -2*o. What is the highest common factor of o and 135?
15
Let r(c) = -4*c. Let k be r(-2). Suppose -5*u = -18 + k. Suppose -2*h + 56 = u*h. What is the highest common divisor of h and 7?
7
Suppose 0 = 4*a - 3 - 5. Suppose 30 - 6 = a*m. Calculate the greatest common factor of m and 12.
12
Let u be (-78)/(-4) + 14/28. Calculate the highest common divisor of u and 2.
2
Let f = -6 - -10. Suppose 0*q + 5*q - 541 = f*c, -3*q + 5*c = -335. Calculate the greatest common factor of 42 and q.
21
Suppose 0 = -3*c - 4*r + 28, 2*c - 2*r = -c + 4. Suppose 2*u - c*u = -32. Calculate the greatest common factor of 2 and u.
2
Let f be -13 + 10 + -1 + 28. Calculate the highest common factor of 3 and f.
3
Suppose -8*a = -5*a. Let f(r) = -r**3 + r**2 + 14. Let l be f(a). Calculate the greatest common divisor of l and 2.
2
Suppose 5*l + 5*v + 197 = 67, 0 = -v + 3. Let g = l + 44. Calculate the greatest common factor of g and 165.
15
Suppose 13*r = 15*r - 20. What is the greatest common divisor of r and 20?
10
Suppose b + 3*v - 17 = 0, 5*b - 2*v - 95 = -10. What is the greatest common factor of 51 and b?
17
Let o = 14 + -7. What is the greatest common divisor of o and 77?
7
Let a = 5 - 1. Let r be (-16)/(-10) - a/(-10). Suppose r*v - 31 = -7. Calculate the highest common divisor of v and 6.
6
Let t(i) = -2*i - 1. Let q be t(-4). Let c be 25*(-5 + 2 + q). What is the greatest common factor of c and 10?
10
Let z(s) = 5*s**2 - 3*s + 3. Let n be z(2). What is the highest common divisor of 51 and n?
17
Suppose 0 = 3*q - 3*u - 27, 5*q - 10 = -0*u - 2*u. Suppose 0*k + 2*k + q*f - 14 = 0, 4*f = -k + 9. Calculate the highest common factor of k and 35.
5
Suppose -73 + 19 = 5*y - 4*h, 2*y = 3*h - 23. Let b = -10 - y. Suppose b = 2*m + 1 - 15. Calculate the greatest common divisor of m and 63.
7
Let k = 0 - 1. Let v(w) = 4*w**2 - w - 1. Let o be v(k). Suppose 6*q - q = 30. What is the highest common divisor of o and q?
2
Let w = -15 + 15. Suppose -2*u - 3*j + 405 = w, u + 0*j - 185 = 2*j. What is the greatest common factor of u and 78?
39
Suppose 5*n - 5*d + 80 = 0, -27 = 2*n + 4*d + 23. Let j(c) = 8*c - 2. Let s be j(-1). Let g = s - n. Calculate the highest common divisor of g and 9.
9
Suppose 10 = 5*d - 0. Let j be d/(-2) - (-6)/1. Suppose -j*z + 2*o + 1 = -4*z, 3 = o. Calculate the greatest common factor of 49 and z.
7
Let f be 0/(2 + -6 + 2). Suppose 2*c + 2*d + 15 = 5*c, -d = f. Calculate the greatest common factor of 2 and c.
1
Let y = 98 + -85. Calculate the highest common divisor of 299 and y.
13
Suppose 9*l - 40 = 104. Calculate the highest common divisor of l and 1.
1
Let k be (-2)/(-6) + 724/6. Let x = 122 + -46. Let z = k - x. Calculate the highest common divisor of z and 30.
15
Let c(k) = -k**2 + 3*k + 2. Let r be c(3). Let s be 13/r + 2/4. Let z(n) = -13*n + 1. Let j be z(-1). Calculate the greatest common divisor of s and j.
7
Let m = 19 - -5. Suppose -2*o = -u - 2*u - 5, -5*u = o - 9. Suppose 3*g + 6 = o*g. Calculate the greatest common divisor of g and m.
6
Let t = 36 - 30. Let b(k) = -2*k. Let d be b(-6). What is the highest common factor of t and d?
6
Suppose 3*h - 16 + 7 = 0. Suppose h*c - 41 - 40 = 0. Let g(u) = -u**2 - 12*u - 2. Let v be g(-10). Calculate the greatest common factor of c and v.
9
Let w = 5 - 4. Let k = 4 + w. Suppose -4*x - 2*c + 16 = 2*c, k*x - 16 = -3*c. What is the greatest common divisor of x and 2?
2
Suppose -4*j + j + 19 = 2*b, -5*b = -5*j - 10. Suppose -3*f = -14 - 7. Suppose f = -c - 5*y - 8, -65 = -5*c + 3*y. What is the highest common factor of c and b?
5
Let s = 3 - -1. Let l(w) = 21*w + 6. Let u(g) = -10*g - 3. Let p(z) = s*l(z) + 9*u(z). Let h be p(-2). What is the highest common divisor of 72 and h?
9
Let b(h) = 2*h**2 - 2*h - 1. Let z be b(-6). Suppose 8 - z = 3*a. Let p = a - -70. What is the highest common factor of p and 5?
5
Let k(r) = r**2 - r + 16. Let l be k(0). Let y(x) = x**3 - x**2 + 2*x. Let s be y(2). Calculate the greatest common factor of s and l.
8
Let x = -121 + 37. Let s = 180 + x. Calculate the highest common factor of s and 12.
12
Let a be (40/(-50))/((-1)/15). What is the highest common factor of a and 108?
12
Suppose -12*d - 289 = -13*d. What is the greatest common factor of 17 and d?
17
Suppose m = 5 + 2. Let l be 7 + (-1 - 0 - -1). Calculate the highest common divisor of m and l.
7
Let v be (-7 + -19)/(0 - (-3)/(-6)). What is the highest common factor of v and 13?
13
Suppose 11 = -i + 3*p, -3*i - 89 = -2*p + 7*p. Let q = i - -87. What is the greatest common factor of 8 and q?
8
Suppose -5*y = 5*h - 1155, 0*y + 927 = 4*h + 5*y. Calculate the highest common factor of 12 and h.
12
Let v(k) = 2*k**3 - 6*k**2 + 4*k + 3. Let o be v(4). Let i = o + -29. Calculate the highest common factor of i and 33.
11
Suppose 0 = -5*r + 3*r - 2*d + 62, 5*r + 2*d - 170 = 0. Calculate the greatest common factor of r and 4.
4
Suppose 0 = -5*d - 5*c + 765 + 195, 0 = -5*d + 2*c + 939. What is the greatest common factor of 21 and d?
21
Let r = 51 - 36. Calculate the highest common factor of 20 and r.
5
Let n be (2 + -1 + 6 - 1)*1. Calculate the greatest common divisor of 30 and n.
6
Let v be -1 + (-3 + 0 - 19). Let c = -11 - v. What is the greatest common factor of 6 and c?
6
Suppose 0*f = 5*f - 55. Let r(p) = 12*p**3 - p**2. Let v be r(1). What is the highest common factor of v and f?
11
Let j = -42 + 87. What is the greatest common factor of j and 15?
15
Let d = 3 + 2. Suppose 2*s - g = 18, -d*s + 7*g